, -2*o + w + 0*w + 8 = 0. Suppose -o*x = -3*r, 0 = 2*x - 0*x + 4*r. Let j = x - -1. What is the units digit of j?
1
Let h(o) = 20*o - 4. Let t(g) = -7*g + 1. Let d(c) = 3*h(c) + 8*t(c). What is the units digit of d(4)?
2
Let x be (-4)/1*(11 - 1). What is the units digit of ((-6)/(-5))/((-6)/x)?
8
Let s = 6 - 5. Let l be (-74)/s*(-1)/(-2). Let f = -17 - l. What is the units digit of f?
0
Let k(v) = -4*v**3 + 2*v**3 + 3*v**3 + 4*v + 6*v**2. What is the units digit of k(-5)?
5
Let r(j) = 16*j - 2. What is the units digit of r(3)?
6
Let u(q) = 20*q - 4. What is the tens digit of u(4)?
7
Suppose 5*q + 6 = w + 13, -11 = 3*w - 5*q. Let z be 160/12 + w/6. Suppose -h = -0*f - 5*f - z, f + 17 = 5*h. What is the units digit of h?
3
Suppose q + 0*z + 2*z - 1 = 0, -3*z = 3. Suppose q = 3*g - 0*g. Suppose -g = -2*n + 1. What is the units digit of n?
1
Suppose 4*f = -0*f - 12. What is the tens digit of (7/f - -3)*39?
2
Let k(l) = 2*l**3 - 2*l**2 + 3*l - 7. What is the tens digit of k(4)?
0
Let r = -26 + 40. Suppose -12*s - 6 = -r*s. What is the units digit of s?
3
Let a(i) = -i + 0 + i - 4 - 2*i. Let t be a(-6). Let l = 14 - t. What is the units digit of l?
6
Suppose 2*m + 243 = 5*z - 0*m, 2*z - 2*m = 102. What is the tens digit of z?
4
Let j = -243 - -533. What is the tens digit of j?
9
What is the tens digit of -2*((-12)/5)/(18/60)?
1
Suppose -2*z = 5*w - 30, -z + 6*z + 3*w = 37. Let h = -1 + z. What is the units digit of h?
4
Suppose 5*z + 183 = f, 27 = -z - 0*f - 3*f. Let l = z - -64. What is the tens digit of l?
2
Let k = -18 - -44. Let w be 19/5 - (-2)/10. Suppose -6*o + k = -w*o. What is the units digit of o?
3
Let m(t) = -t**3 - 7*t**2 + 10*t - 2. Let q be m(-8). Let w = q + 48. What is the tens digit of w?
3
Let n be 60/2 + 1 + -2. Suppose -5*h - n = 2*m + m, -3*m = 4*h + 25. Let z(j) = j**3 + 5*j**2 + 3*j + 2. What is the units digit of z(h)?
6
Let y = 12 - 8. Suppose -3*u + 6 = 2*i - y*u, 2*u = -5*i + 33. Suppose -2*q + i - 1 = 0. What is the units digit of q?
2
Let s(r) = -r**2 - 16*r. What is the units digit of s(-14)?
8
Suppose -o + 1205 = 4*o. What is the hundreds digit of o?
2
What is the hundreds digit of -8 + 206 + -1 + 2?
1
Let u = -8 - -13. Suppose -20 = -0*l - l. Let p = l - u. What is the units digit of p?
5
Suppose 3*m + m + 32 = 0. Suppose -3*q - d - 116 = q, -q + 3*d - 16 = 0. What is the units digit of (-33)/(-7) + m/q?
5
Suppose 3*n = -4*r + 43 + 96, -34 = -r - n. What is the units digit of r?
7
Let l(d) = -d**3 - d + 3. Let u be l(0). Suppose -u*s - 2*s = -15. What is the units digit of s?
3
Let s be (-30)/(-24) - (-1)/(-4). What is the units digit of ((-2)/(-4))/(s/18)?
9
Let m(w) = -w**2 + 7*w + 2. Let k be m(4). Suppose -y = 3*q - 20, -4*q - 5*y - k + 37 = 0. What is the units digit of q?
7
Let p(k) = k**2 - 2*k - 3. Let f be p(4). Let v(o) = o + 4. What is the units digit of v(f)?
9
What is the tens digit of (-3 + 4 + -2)*(-582)/6?
9
Suppose 26 = 5*z + 1, -2*p = 2*z - 210. Let w = p - 53. What is the tens digit of w?
4
Suppose 0 = -5*b + 2 + 18. Let t(z) = z + 2 - b + 1. What is the units digit of t(7)?
6
Let z(p) = 12*p + 44. What is the tens digit of z(8)?
4
Suppose 2*t - 6*t + 19 = v, 3*v = 5*t + 57. What is the units digit of v?
9
Let m be (-1)/(1 + (-162)/159). Suppose 0 = -2*h + 2, m = 2*f - 2*h + 5*h. What is the units digit of 5/f + 14/5?
3
Suppose 4*i - 5*d = 196, 0*i = -5*i + d + 245. Suppose 4*a = 63 + i. Suppose 0 = q - 5*q + a. What is the units digit of q?
7
Let i(k) = -5*k + 6*k - 2 + 1. What is the units digit of i(5)?
4
Suppose 2*u + y = 27, 2*u + 5*y = 3*y + 22. What is the tens digit of u?
1
Let d = 11 + 4. Let s = d - 11. What is the units digit of s?
4
Suppose -40 = -2*h - 3*w, h + 0*w - 31 = 4*w. What is the units digit of h?
3
Suppose -a + 31 = -5*m - 11, 2*m = 2*a - 20. Let c = 10 - m. What is the units digit of c?
8
Suppose -z - q - 3*q = -14, 11 = z + 3*q. Suppose 5*r = 2*g - 18, -r + 3*r + 10 = -z*g. What is the units digit of (16/r)/((-1)/2)?
8
Let z(s) = -7*s**3 - 7*s**2 + 5*s - 13. Let a(j) = 4*j**3 + 3*j**2 - 2*j + 7. Let t(q) = 5*a(q) + 3*z(q). What is the tens digit of t(-7)?
1
Let h(c) be the first derivative of -5*c**2/2 - 2. Let r(x) = -x. Let z(s) = -4*h(s) + 28*r(s). What is the units digit of z(-1)?
8
Let i = -4 + 7. Suppose -j - 8 = i*j, -2*g = -5*j - 46. What is the tens digit of g?
1
Let s = -2 + 12. Let l = -4 + s. Suppose 0 = -b + l*b - 55. What is the units digit of b?
1
Suppose 2*z + 8*w = 5*w + 9, -2*z + 6 = 2*w. Suppose -b + 4*b = z. Suppose 1 = -b*h - 3*h - 2*u, h + 3 = -2*u. What is the units digit of h?
1
Suppose -5 = -2*j + 1, g - 7 = -j. Let s(k) = 5*k - 3*k + 7 + g*k + k**2 - 5*k. What is the units digit of s(0)?
7
Suppose -9 + 3 = -3*w. What is the units digit of w?
2
Suppose -20*g = -17*g - 48. What is the units digit of g?
6
Suppose -r - 12 = u - 5*r, -4*u - r + 3 = 0. Let w be (-6)/(-21) + 4/(-14). Suppose w*m + m - 1 = u. What is the units digit of m?
1
Let p(o) = -3*o + 2. Let c be p(-3). Suppose 0 = n + r - 20, 0 = -5*r + 26 - c. What is the tens digit of n?
1
Let b = 128 + -89. Suppose -b = -4*c + 17. What is the tens digit of c?
1
Suppose -34*b + 37*b = 198. What is the tens digit of b?
6
Let s = -76 + 198. Suppose 4*n = 3*m - s, 4 = 5*n - 1. What is the tens digit of m?
4
Let f be (4 - -2)*2/4. What is the units digit of 2 + f + (-1 - 1)?
3
Suppose -4*u = j - 0*j + 1, 0 = j - 3*u - 6. What is the units digit of j?
3
Let o(d) = 5*d - 7. What is the tens digit of o(7)?
2
Let x be 7 + (3*-1 - -2). What is the units digit of (0 - -1)/(1/x)?
6
Let y(g) = 3*g**3 - 2*g**2 + g. Let s be y(2). Suppose -3*q + 2*q = -s. Let a = -9 + q. What is the units digit of a?
9
What is the units digit of 2 + 9 + 4/(-4)?
0
Suppose 0 = 5*w - w - 284. What is the tens digit of w?
7
Let o be (4/12 + 0)*-201. Let p = o - -94. What is the units digit of p?
7
Let s(h) = h**2 + 2*h - 3. Let n be s(2). Suppose 0 = i + 5*u + 25, n*i + 35 = 2*u + 3*u. What is the units digit of (-37)/(-5) - (-4)/i?
7
Let i = -11 + 10. Let k(y) = -3*y + 3. Let w be k(2). Let o = i - w. What is the units digit of o?
2
Let o = -13 - -18. Suppose 5 = -o*b - 35. Let l = 18 + b. What is the units digit of l?
0
Let z(i) = 2*i + 1. Let t be z(7). Let q = t - 12. What is the units digit of q?
3
Let g(l) = -4*l - 10. What is the tens digit of g(-12)?
3
Suppose -2*i = -0*i - 4. What is the units digit of (i/4)/((-1)/(-12))?
6
Let w(v) = -4*v + 2*v - 8*v**2 + 13*v**2 + 40*v**3 - 4*v**2. What is the units digit of w(1)?
9
Suppose 13 - 3 = m. What is the units digit of 11/9 - m/45?
1
Let b(n) = n**3 + 12*n**2 + 16*n + 1. Let s(l) = -5*l**3 - 59*l**2 - 80*l - 6. Let i(d) = -11*b(d) - 2*s(d). What is the units digit of i(-13)?
0
Let d = -2 + -5. Let w = -11 + d. What is the units digit of (5 - 2)*(-42)/w?
7
Let s(o) = 3*o**2 + o. Let m be s(2). Let k be 9/3*10/(-3). Let r = m + k. What is the units digit of r?
4
Let y be (-18)/4*6/3. Let o = y - -25. What is the units digit of o?
6
Suppose -x = -p + 20, 3*p + 5*x + 9 = 77. What is the tens digit of p?
2
Let q(c) = -c**2 + 8*c - 4. Let j(i) = -i**2 + 8*i - 4. Let t(w) = -4*j(w) + 5*q(w). What is the units digit of t(3)?
1
Suppose 3*r - 1104 = -r - 4*q, 4*q = 2*r - 552. What is the tens digit of r?
7
Let x(q) = -q**3 - 11*q**2 - 3*q + 4. What is the tens digit of x(-11)?
3
Suppose 0 = -u + 5*r - 14, -3*r - 10 = 5*u + 2*r. Let b(n) = 2*n**3 + n**2 + 2. Let d be b(2). Let m = u + d. What is the units digit of m?
8
Suppose -3*t - 19 = -4*f, -5*t = -3*f - 2*t + 15. Suppose -f*m = 5*q + 31 - 106, 0 = 5*m. What is the units digit of q?
5
Let i = -14 - -24. Let f be 1 + -2 + 2 + 2. Suppose -f*m - i = -8*m. What is the units digit of m?
2
Let c = -3 - 3. Let o(m) = m**3 + 5*m**2 - 10*m + 2. What is the tens digit of o(c)?
2
Let l(r) be the first derivative of -1 + 5/2*r**2 + 2/3*r**3 - r. What is the units digit of l(-4)?
1
Suppose 9*c = 4*c - 60. Let y = -9 - c. What is the units digit of y?
3
Let b(l) = l - 6. Let f be b(5). Let p(j) = j**3 - 6*j**2. Let q be p(6). Let n = q - f. What is the units digit of n?
1
Let c(r) = r - 3. Suppose -5*n = -9 - 21. What is the units digit of c(n)?
3
Suppose 5 = 5*t - 5. What is the units digit of 2 - t - (1 - 3)?
2
Let f = 31 - -44. What is the